hen 772 is divided by 54.
16
Calculate the remainder when 426 is divided by 122.
60
What is the remainder when 107 is divided by 4?
3
Calculate the remainder when 1203 is divided by 17.
13
Calculate the remainder when 658 is divided by 21.
7
What is the remainder when 70 is divided by 24?
22
What is the remainder when 416 is divided by 50?
16
What is the remainder when 716 is divided by 103?
98
What is the remainder when 1607 is divided by 85?
77
What is the remainder when 2869 is divided by 321?
301
What is the remainder when 20214 is divided by 76?
74
What is the remainder when 952 is divided by 32?
24
Calculate the remainder when 1621 is divided by 42.
25
What is the remainder when 211 is divided by 24?
19
What is the remainder when 515 is divided by 40?
35
What is the remainder when 680 is divided by 44?
20
What is the remainder when 1185 is divided by 27?
24
Calculate the remainder when 123 is divided by 122.
1
Calculate the remainder when 262 is divided by 44.
42
What is the remainder when 1480 is divided by 247?
245
Calculate the remainder when 340 is divided by 109.
13
Calculate the remainder when 4961 is divided by 22.
11
Calculate the remainder when 8309 is divided by 163.
159
Calculate the remainder when 182 is divided by 47.
41
Calculate the remainder when 1923 is divided by 84.
75
Calculate the remainder when 913 is divided by 20.
13
What is the remainder when 166 is divided by 48?
22
Calculate the remainder when 26300 is divided by 24.
20
Calculate the remainder when 1196 is divided by 12.
8
What is the remainder when 1377 is divided by 681?
15
What is the remainder when 122 is divided by 12?
2
What is the remainder when 844 is divided by 8?
4
Calculate the remainder when 104 is divided by 20.
4
What is the remainder when 1697 is divided by 14?
3
What is the remainder when 373 is divided by 133?
107
Calculate the remainder when 77 is divided by 8.
5
Calculate the remainder when 217 is divided by 35.
7
What is the remainder when 404 is divided by 214?
190
Calculate the remainder when 183 is divided by 6.
3
What is the remainder when 1437 is divided by 72?
69
Calculate the remainder when 3762 is divided by 936.
18
What is the remainder when 102 is divided by 23?
10
What is the remainder when 166 is divided by 12?
10
Calculate the remainder when 332 is divided by 24.
20
What is the remainder when 37 is divided by 10?
7
Calculate the remainder when 531 is divided by 287.
244
Calculate the remainder when 351 is divided by 44.
43
Calculate the remainder when 14786 is divided by 51.
47
Calculate the remainder when 22437 is divided by 66.
63
Calculate the remainder when 120 is divided by 12.
0
What is the remainder when 276 is divided by 51?
21
What is the remainder when 240 is divided by 38?
12
What is the remainder when 95 is divided by 14?
11
What is the remainder when 15909 is divided by 26?
23
What is the remainder when 2534 is divided by 44?
26
What is the remainder when 1256 is divided by 73?
15
Calculate the remainder when 692 is divided by 206.
74
Calculate the remainder when 46 is divided by 45.
1
Calculate the remainder when 183 is divided by 48.
39
Calculate the remainder when 106 is divided by 97.
9
What is the remainder when 604 is divided by 123?
112
Calculate the remainder when 6122 is divided by 13.
12
Calculate the remainder when 738 is divided by 263.
212
Calculate the remainder when 2754 is divided by 459.
0
What is the remainder when 162 is divided by 56?
50
Calculate the remainder when 758 is divided by 247.
17
What is the remainder when 129 is divided by 20?
9
What is the remainder when 1515 is divided by 16?
11
Calculate the remainder when 96 is divided by 33.
30
Calculate the remainder when 81 is divided by 46.
35
Calculate the remainder when 583 is divided by 49.
44
Calculate the remainder when 4255 is divided by 11.
9
Calculate the remainder when 458 is divided by 16.
10
What is the remainder when 310 is divided by 24?
22
What is the remainder when 484 is divided by 97?
96
Calculate the remainder when 462 is divided by 93.
90
What is the remainder when 2989 is divided by 88?
85
Calculate the remainder when 1176 is divided by 224.
56
Calculate the remainder when 29437 is divided by 16.
13
What is the remainder when 133 is divided by 113?
20
What is the remainder when 1071 is divided by 329?
84
What is the remainder when 1321 is divided by 49?
47
What is the remainder when 282 is divided by 57?
54
Calculate the remainder when 368 is divided by 128.
112
What is the remainder when 466 is divided by 123?
97
What is the remainder when 375 is divided by 91?
11
What is the remainder when 131 is divided by 39?
14
Calculate the remainder when 478 is divided by 469.
9
What is the remainder when 178 is divided by 47?
37
Calculate the remainder when 1893 is divided by 313.
15
Calculate the remainder when 414 is divided by 38.
34
Calculate the remainder when 617 is divided by 32.
9
Calculate the remainder when 479 is divided by 35.
24
What is the remainder when 1203 is divided by 155?
118
Calculate the remainder when 114 is divided by 21.
9
What is the remainder when 107 is divided by 18?
17
Calculate the remainder when 503 is divided by 28.
27
What is the remainder when 29 is divided by 13?
3
What is the remainder when 641 is divided by 300?
41
What is the remainder when 6953 is divided by 7?
2
What is the remainder when 377 is divided by 41?
8
What is the remainder when 205 is divided by 16?
13
Calculate the remainder when 467 is divided by 153.
8
What is the remainder when 557 is divided by 94?
87
What is the remainder when 2588 is divided by 15?
8
What is the remainder when 8110 is divided by 61?
58
What is the remainder when 1625 is divided by 6?
5
What is the remainder when 1215 is divided by 315?
270
What is the remainder when 200 is divided by 53?
41
What is the remainder when 45 is divided by 32?
13
Calculate the remainder when 659 is divided by 22.
21
What is the remainder when 222 is divided by 39?
27
What is the remainder when 614 is divided by 5?
4
Calculate the remainder when 195 is divided by 69.
57
Calculate the remainder when 3210 is divided by 73.
71
What is the remainder when 166 is divided by 17?
13
What is the remainder when 96 is divided by 20?
16
Calculate the remainder when 467 is divided by 167.
133
What is the remainder when 537 is divided by 9?
6
What is the remainder when 77 is divided by 35?
7
Calculate the remainder when 155 is divided by 13.
12
Calculate the remainder when 456 is divided by 46.
42
Calculate the remainder when 344 is divided by 69.
68
What is the remainder when 895 is divided by 112?
111
What is the remainder when 69 is divided by 22?
3
What is the remainder when 1582 is divided by 145?
132
What is the remainder when 23 is divided by 9?
5
Calculate the remainder when 598 is divided by 586.
12
What is the remainder when 374 is divided by 75?
74
What is the remainder when 125 is divided by 35?
20
Calculate the remainder when 177 is divided by 13.
8
Calculate the remainder when 4659 is divided by 1553.
0
Calculate the remainder when 2000 is divided by 172.
108
What is the remainder when 701 is divided by 13?
12
What is the remainder when 78 is divided by 40?
38
Calculate the remainder when 113 is divided by 16.
1
Calculate the remainder when 102 is divided by 42.
18
What is the remainder when 5219 is divided by 14?
11
What is the remainder when 3213 is divided by 641?
8
What is the remainder when 316 is divided by 45?
1
Calculate the remainder when 350 is divided by 174.
2
What is the remainder when 63 is divided by 15?
3
What is the remainder when 772 is divided by 31?
28
Calculate the remainder when 38 is divided by 10.
8
What is the remainder when 293 is divided by 49?
48
Calculate the remainder when 688 is divided by 143.
116
What is the remainder when 4220 is divided by 21?
20
What is the remainder when 189 is divided by 5?
4
What is the remainder when 1850 is divided by 81?
68
What is the remainder when 98 is divided by 17?
13
Calculate the remainder when 352 is divided by 83.
20
Calculate the remainder when 416 is divided by 28.
24
Calculate the remainder when 1492 is divided by 31.
4
Calculate the remainder when 50 is divided by 26.
24
Calculate the remainder when 1481